z(j) = j**3 + 6*j**2 + 7*j. Let x be z(-4). What is s(x)?
1
Let p(i) = i - 4. Let t be p(9). Let j(c) = c - 1. Give j(t).
4
Let w(u) = 2*u**3 + u**2 - 3*u - 1. Let n be 32/24*6/(-4). What is w(n)?
-7
Let w(s) = -5*s**3 + 9*s + 2. Let m(d) = 4*d**3 + d**2 - 8*d. Let t(k) = 4*m(k) + 3*w(k). Determine t(-5).
6
Let m(h) be the third derivative of h**5/60 - 7*h**4/24 + 2*h**3/3 - h**2. Suppose -u = 5*p - 18, -2*u - 8 + 0 = -p. Let f = 4 - u. Give m(f).
-2
Suppose 0*m - 6 = -2*m. Let n(j) = j**3 - j**2 - m*j + 3*j - 3 + 1. Let b(p) = p**2 + 7*p - 8. Let v be b(-8). Give n(v).
-2
Let s(u) = u**3 + 5*u**2 + 2*u. Let f(z) = -5*z + 6. Let j be f(2). Give s(j).
8
Let l(w) be the first derivative of -1 - 4*w - w**2 - 2/3*w**3. Let d(c) be the first derivative of l(c). Give d(-2).
6
Let f(q) = 2*q + 3. Let z be f(-3). Let y(a) be the second derivative of -a**4/12 - a**3/2 + 2*a**2 + 44*a. What is y(z)?
4
Let n(i) = 0*i**2 - 590*i + 581*i + i**2 + 3. What is n(9)?
3
Let v = 21 - 17. Let o(t) = -t**2 + 7*t - 6. Determine o(v).
6
Let m(c) = -1 + c + 42*c**2 + c**3 + 0 - 39*c**2. Calculate m(-3).
-4
Let h = 3 - 6. Let i(y) = 5*y - 7. Let c(r) = -r + 1. Let z(x) = -6*c(x) - i(x). Calculate z(h).
-2
Let v(y) = -2*y**2 - 1. Let m(r) = 2*r + 1. Let b be m(-1). Determine v(b).
-3
Let w(j) = 11*j**2 + 12*j + 9. Let i(a) = 7*a**2 + 8*a + 6. Let z(p) = -8*i(p) + 5*w(p). Determine z(-4).
-3
Let x(n) be the third derivative of -n**6/120 - n**5/30 + n**4/12 + 2*n**2. Let m be x(-3). Let q(g) = -g + 7 - 3 - 1 + g**2. Give q(m).
9
Let k(x) = x + 5. Let l(m) = m + 8. Let a(s) = 6*s + 39. Let q(j) = 2*a(j) - 11*l(j). Let p be q(10). Give k(p).
5
Let o(r) = r**2 + 8*r + 2. Let c be o(-8). Let y(p) = -3*p**2 + 1. Calculate y(c).
-11
Let y(u) = 5*u**2 - u - 1. Suppose 4*c = -0*g + 2*g + 64, -5*g + 5*c - 140 = 0. Let l = g - -9. Let i be 5/(l/(-6)) - 3. Calculate y(i).
5
Let x = -2 - -4. Suppose 3*c = 4*h - 20, 28 = 4*h - x*c - 3*c. Let g(w) be the third derivative of w**6/120 - w**5/60 + w**4/24 - 2*w**2. Determine g(h).
6
Let g = 28 - 16. Let l be g/(-10)*(-10)/(-4). Let h(u) = 0*u - 2 + u**2 + 5*u + 4 - 1. Calculate h(l).
-5
Let s = 50 - 45. Let h(o) = o**3 - 5*o**2 + 2*o - 5. What is h(s)?
5
Suppose 0 = 14*i - 19*i + 40. Let h(y) = -y + 7. Let v be h(i). Let o(p) = 5*p**2 + 1. Determine o(v).
6
Suppose 5*g + 4*c = 29, g + c + 19 = 5*g. Let y(o) = o**3 - 5*o**2 - o + 3. Determine y(g).
-2
Let b(j) = j**3 - 7*j**2 + 6*j. Let g be b(6). Suppose 64 - 19 = 5*p. Suppose g*w = -3*w + p. Let h(d) = 2*d**2 - d - 4. Determine h(w).
11
Let g(l) = -l**2 - 3*l + 2. Suppose -7 = 2*o + 25. Let p = o - -13. Calculate g(p).
2
Let c(r) = -r**3 + 4*r**2 + r + 2. Suppose -2 - 4 = -3*a. Let o be 4/a*3 + 0. Let y(z) = 2*z - 8. Let w be y(o). Calculate c(w).
6
Let q(v) = 5 - 3*v**3 - 17*v + 26*v + 4*v**3 - 11*v**2 + v**2. What is q(9)?
5
Suppose 0 = -3*z + b - 6, -6*z + 2*z - b = 8. Let i(j) be the first derivative of j**2 + 2*j + 4. What is i(z)?
-2
Let l = -48 - -44. Let a(f) = -f**2 - 3*f + 3. Determine a(l).
-1
Let s(y) be the third derivative of y**7/840 - y**6/120 + y**5/60 - y**4/24 + 5*y**3/6 - 2*y**2. Let v(r) be the first derivative of s(r). Give v(3).
5
Suppose 20 = -4*h + j, -4*h - 3*j = -h + 15. Let g(o) = o**2 + 6*o - 6. Calculate g(h).
-11
Suppose -5*a - 6 = -2*a. Let t(u) be the first derivative of -2*u + 2 + 1/2*u**2. Give t(a).
-4
Let g(s) = -s**2 - 8*s - 8. Let v be g(-7). Let f be 0 - 3*v - -1. Let h(p) = -2*p + 3. What is h(f)?
-5
Let w(u) = -u - 6. Let g(m) = m - 21. Let h(k) = k - 10. Let i(n) = 3*g(n) - 5*h(n). Let q(l) = -6*i(l) + 13*w(l). Give q(7).
-7
Let x(b) = 3*b**3 - 2*b**3 - 5 + 4 - 6*b**2 - 2*b**3 - 6*b. Give x(-5).
4
Let v(p) = -p. Let b(q) = 3*q + 6. Let c(h) = b(h) + 2*v(h). What is c(5)?
11
Suppose 6 = -4*d + 2. Let g(f) = -7*f**2 - 28*f + 65*f - 37*f - 1. What is g(d)?
-8
Let o(l) = -l**2 + 6*l - 6. Let t be o(4). Let w be (t/(-5))/((-4)/40). Suppose 0 = w*y + 5*z - 6, 2*y - 2*z - 2 = -5*z. Let g(k) = -k - 4. Calculate g(y).
-8
Suppose 4*t + 5*a = 6, -t - 2*a + 6*a + 12 = 0. Let w(f) = 12*f + 5. Let k(v) = 25*v + 11. Let z(i) = t*k(i) - 9*w(i). Give z(-1).
7
Let z(b) = 7*b + 1. Let a be z(2). Suppose 7*y = 4*y + a. Let t(j) = j**2 - 4*j + 2. Give t(y).
7
Let z be (12/10)/(8/20). Let r(h) = -2*h**z - 3*h**2 + 0*h**2 - 2 + 2*h + 0 + 4*h**3. Calculate r(2).
6
Suppose -14 = -2*w - 4*x, -9 = -0*w - w - 4*x. Let d(v) = v**2 - 3*v - 4. Give d(w).
6
Suppose -6*d = -23 - 13. Let v(i) = -i**2 + 6*i + 1. Let a be v(d). Let y(n) = -6*n**2 - n + 1. Give y(a).
-6
Let v(p) = -p**3 - 2*p**2 + 2*p + 3. Let m be v(-2). Let j(n) = -n**3 + n + 1. Give j(m).
1
Let b be 3 - ((3 - 2) + 10). Let t be 2/2*(5 + b). Let a(l) = -l**2 - 2*l + 1. Calculate a(t).
-2
Let h(w) = 3*w - 1. Let r(t) = -3*t + 2. Let v(u) = 3*h(u) + 2*r(u). Let n be -2 - (-13 + 2 + 0). Let i = -8 + n. What is v(i)?
4
Let x = -4 + 2. Let g(f) be the first derivative of -f**4/4 - 2*f**3/3 - f**2 + f + 52. Give g(x).
5
Let v = 2 - 3. Suppose 5*p - 4*p = -4*k - 24, 3*k = -15. Let u be (15/(-12))/(v/p). Let c(f) = -f**3 - 6*f**2 - 2*f + 5. Calculate c(u).
-10
Let x(w) = w**2 - 7*w - 3*w**2 + 5 + 4*w**2 + w**3 + 3*w**2. Calculate x(-6).
11
Let i(t) = 6*t**2 - t. Let w be 8 + -4 - (1 - 1). Suppose 2*l = w*a - 4, 0 = a - 0*a - 5*l - 1. What is i(a)?
5
Let v(a) be the first derivative of -7*a + 1 - 1/3*a**3 + 0*a**2. What is v(0)?
-7
Let w(u) = 5*u + 11. Let y(v) = 9 + 4 + 4*v + 2*v - 1. Let f(c) = -5*w(c) + 4*y(c). Determine f(-4).
-3
Let f(o) be the second derivative of o**4/12 + 2*o**3/3 - 3*o**2/2 - 2*o. Let l(g) be the first derivative of f(g). Calculate l(-4).
-4
Let k(b) = 0*b - 4 + 2 - b. What is k(3)?
-5
Let p(n) = -2*n**2 + n + 1. Suppose -r + 2*z = -5, z + 12 - 7 = -2*r. Give p(r).
-2
Let u(i) be the first derivative of -4*i**3/3 + i**2 + i + 1. Suppose 4*j - 3*q = 13, 2*j + 2 = 3*j - 2*q. Suppose -3 - 1 = j*a. What is u(a)?
-5
Suppose -g - 4*p + 21 = 0, 0 = -g - 3*p + 8*p - 6. Suppose 3*l + g + 3 = -k, -4*l - 5*k = 27. Let z(y) = y + 2. What is z(l)?
-1
Let q(w) = -5*w**3 + w + 2. Let z be q(-1). Let r(i) = -2*i - 4. What is r(z)?
-16
Let u(q) = -q**2 - 12. Let s(i) = 2 - 3*i**2 + 6*i**2 - 4*i**2 - i. Let k be s(-2). Determine u(k).
-12
Let y(n) = -n**2 + n + 1. Let s(l) = -l**3 + 2*l**2 - 4*l - 7. Let k(q) = -s(q) - 6*y(q). Let h(x) = -4*x**3. Let f be h(1). Calculate k(f).
9
Let k(x) = x - 2. Let q be k(4). Let w(j) = -j**3 - q*j + 3*j - j**2 + 8*j**3. Suppose 2*o + 3*g - 15 = -4, 0 = -2*o - g + 5. Give w(o).
7
Suppose -4*f = 5*i - 4, -i - 3*f - 4 = 4. Let u(t) be the third derivative of 1/60*t**5 + 1/6*t**3 + 1/120*t**6 + 0 + 0*t - 2*t**2 + 1/8*t**i. Give u(-2).
-9
Let q(w) = w**2 - 2*w - 7. Let i(g) = g + 4. Let p(j) = -5*i(j) - 3*q(j). Calculate p(-1).
-3
Let l(n) = -2*n**2 + 6*n + 5. Let d(k) = k**3 + k + 1. Suppose -2*p - 2*u = -12 - 0, 4*p - 2*u = -6. Let v(y) = p*l(y) - d(y). Determine v(-3).
-2
Let z = 22 + -18. Let l(h) = -h + h - 3*h - h**2 + z - h. Determine l(-4).
4
Let l = 4 + -2. Let m(v) = 3*v + 4*v**3 + 2*v**3 - 3*v**2 - 2*v - 5*v**3. Calculate m(l).
-2
Let c be 2 + -1 + (-2 - -1). Let z be 2/(-11) - 2/(-11). Let q(v) = 3 + z*v**2 + 0*v**2 - v**2. Determine q(c).
3
Let q(i) = 3 + 0 + 1 - 10*i + 6*i. Let f(n) = -3*n + 3. Let d(t) = 5*f(t) - 4*q(t). Give d(-5).
-6
Let g(v) be the first derivative of -v**4/4 - 2*v**3/3 + 5*v**2/2 + 3*v - 2. Let u be g(-3). Let b(k) = k**2 + 2*k + 1. Calculate b(u).
4
Let o(q) = -q**3 + q**2 - 17*q + 4. Let w(c) = -c**3 - c**2 - 16*c + 3. Let r(y) = 5*o(y) - 6*w(y). Calculate r(-10).
-8
Let v(f) = f**3 + 10*f**2 - 11*f - 7. Let o(k) = k**2 - k - 1. Let a(h) = 6*o(h) - v(h). Let d(g) = -4 + 7 - 1 - 1 - g. Let u be d(6). Give a(u).
1
Suppose 15*v = 6*v + 18. Let y(f) be the first derivative of -f + 3 - 1/2*f**v. Calculate y(-3).
2
Let f(m) be the first derivative of -m**4/4 - 7*m**3/3 + 9*m**2/2 + 4*m + 42. Give f(-8).
-4
Suppose -f - 5*n = -31, -9 = -0*f + f - 3*n. Suppose 0 = -3*i + 2*s + 14, 0*i + 14 = -3*i - 5*s. Let j(o) = -o**2 - 5*o + o**i + o**2. Calculate j(f).
6
Let z be (3 + -1)*(-10)/4. Let u(l) be the first derivative of l**2 - 3*l + 0*l**2 - 2*l**2 + 2. Determine u(z).
7
Let k(b) = -b - 8. Let w = -5 + 1. Let s = -4 - w. Suppose -3*u - 10 = -s*z +